{"id":4031,"date":"2021-04-08T17:06:52","date_gmt":"2021-04-08T15:06:52","guid":{"rendered":"https:\/\/test.elenabastiani.com\/?page_id=4031"},"modified":"2021-09-07T23:09:53","modified_gmt":"2021-09-07T21:09:53","slug":"fotografia-emozionale-album-famiglia","status":"publish","type":"page","link":"https:\/\/test.elenabastiani.com\/index.php\/fotografia-emozionale-album-famiglia\/","title":{"rendered":"IMMAGINI EMOZIONALI"},"content":{"rendered":"<div class=\"one\" >\n<div class=\"page_content_wrapper\">\n<div class=\"inner\">\n<blockquote>\n<p style=\"text-align: center;\">\u201cNon \u00e8 la mera fotografia che mi interessa. Quel che voglio \u00e8 catturare quel minuto, parte della realt\u00e0\u201d.<br \/>\nHenri Cartier-Bresson<\/p>\n<\/blockquote>\n<p><img loading=\"lazy\" src=\"http:\/\/test.elenabastiani.com\/wp-content\/uploads\/2014\/11\/sessione-gravidanza2.png\" alt=\"\" width=\"1024\" height=\"684\" class=\"aligncenter size-large wp-image-3716\" \/><\/p>\n<\/div>\n<\/div>\n<\/div>\n<div class=\"one\" >\n<div class=\"page_content_wrapper nopadding\">\n<div class=\"one_half_bg animate\" style=\"background-image:url(http:\/\/test.elenabastiani.com\/wp-content\/uploads\/2014\/11\/sessione-maternity34.png);height:1200px;\"><\/div>\n<div class=\"one_half_bg content_middle animate\">\n<div class=\"nicepadding\">\n<p style=\"text-align: center;\">L\u2019emozione \u00e8 la <strong>scintilla dell\u2019amore<\/strong>, se guardo mio figlio sorridere felice mi emoziono, provo amore. Nelle sessioni fotografiche emozionali questa scintilla viene catturata in un\u2019immagine e stampata, in questo modo potremo portarla con noi nei futuri ricordi della nostra famiglia e di nostro figlio.<\/p>\n<p><\/br><\/p>\n<p style=\"text-align: center;\">La luce naturale offre una maggior morbidezza e spontaneit\u00e0, colori neutri, un set elegante, ampio spazio alle emozioni. Questo tipo di sessioni \u00e8 perfetto per creare l\u2019album di famiglia da conservare per sempre, tante immagini piene di sorrisi, sguardi, abbracci e interazioni familiari che inevitabilmente cambieranno nel corso degli anni e che sar\u00e0 bello poter ritrovare in un album da sfogliare e tramandare di generazione in generazione.<\/p>\n<p><\/br><\/p>\n<p style=\"text-align: center;\">Una storia raccontata attraverso le immagini, capace di accendere, anche tra cinquant\u2019anni, proprio quella scintilla che scalda il cuore. Sar\u00e0 vostro figlio a sorridere calorosamente di fronte a questi ricordi, sar\u00e0 vostro nipote a stupirsi di quanto era giovane la nonna con in braccio il pap\u00e0!<\/br><br \/>\nUna sessione fotografica non \u00e8 un capriccio da togliersi ma un regalo da fare ai nostri figli e ai loro ricordi futuri.<\/p>\n<h4 style=\"text-align: center;\"><em>Fotografia Emozionale<\/em><\/h4>\n<h5 style=\"text-align: center;\"><em>L&#8217;amore Conta<\/em><\/h5>\n<p><img loading=\"lazy\" src=\"http:\/\/test.elenabastiani.com\/wp-content\/uploads\/2014\/11\/sessione-maternity71.png\" alt=\"\" width=\"1024\" height=\"684\" class=\"aligncenter size-large wp-image-3716\" \/>\n<\/div>\n<\/div>\n<p><br class=\"clear\"\/><\/div>\n<\/div>\n<div class=\"one\" >\n<div class=\"page_content_wrapper\">\n<div class=\"inner\">\n<blockquote>\n<p style=\"text-align: center;\">DICONO DI NOI&#8230;\u201cGentile, professionale, stupenda con i bambini, foto eccezionali\u201d. Un&#8217;esperienza che ripetiamo con piacere ogni anno, presente in tutte le occasioni importanti della nostra famiglia!<br \/>\nCristina C.<\/p>\n<\/blockquote>\n<p style=\"text-align: center;\"><a class=\"button small center\" style=\"background-color:#000000 !important;color:#ffffff !important;border:1px solid #000000 !important;margin-right:10px;margin-bottom:10px;\" onclick=\"window.open('https:\/\/test.elenabastiani.com\/index.php\/fotografa-newborn-trieste\/', '_blank')\">Ricevi tutte le info<\/a><\/p>\n<\/div>\n<\/div>\n<\/div>\n<div class=\"one ppb_galleries\" >\n<div class=\"page_content_wrapper\">\n<div class=\"inner\">\n<h2 class=\"ppb_title\">SCEGLI LA SESSIONE EMOZIONALE PIU&#039; ADATTA A TE<\/h2>\n<div class=\"blog_grid_wrapper\">\n<div class=\"wall_entry type-post post gallery masonry element\">\n<div class=\"image_grid_frame\">\n<div class=\"wall_thumbnail post_archive\">\n\t\t\t\t    \t<a href=\"https:\/\/test.elenabastiani.com\/index.php\/galleries\/fotografia-newborn-fotografia-neonati-fine-art\/\" class=\"gallery_wrapper\"><br \/>\n\t\t\t\t    \t\t<img src=\"http:\/\/test.elenabastiani.com\/wp-content\/uploads\/2014\/11\/sessione-newborn62-485x485.png\" alt=\"Newborn bimba dorme beata\" class=\"portfolio_img static\"\/><\/p>\n<div class=\"mask transparent\">\n<div class=\"mask_frame\">\n<ul class=\"gallery_img_slides\">\n<li><img src=\"http:\/\/test.elenabastiani.com\/wp-content\/uploads\/2014\/11\/sessione-newborn60-485x485.png\" alt=\"\" class=\"static\"\/><\/li>\n<li><img src=\"http:\/\/test.elenabastiani.com\/wp-content\/uploads\/2014\/11\/sessione-newborn58-485x485.png\" alt=\"\" class=\"static\"\/><\/li>\n<li><img src=\"http:\/\/test.elenabastiani.com\/wp-content\/uploads\/2014\/11\/sessione-newborn9-485x485.png\" alt=\"\" class=\"static\"\/><\/li>\n<li><img src=\"http:\/\/test.elenabastiani.com\/wp-content\/uploads\/2014\/11\/sessione-newborn8-485x485.png\" alt=\"\" class=\"static\"\/><\/li>\n<li><img src=\"http:\/\/test.elenabastiani.com\/wp-content\/uploads\/2014\/11\/sessione-newborn19-485x485.png\" alt=\"\" class=\"static\"\/><\/li>\n<\/ul>\n<\/div><\/div>\n<p>\t\t\t\t\t\t<\/a><br \/>\n\t\t\t\t\t\t<br class=\"clear\"\/><\/p>\n<h6>Newborn<\/h6>\n<div class=\"gallery_excerpt\">Preziosi momenti<\/div>\n<\/p><\/div>\n<\/p><\/div>\n<\/div>\n<div class=\"wall_entry type-post post gallery masonry element\">\n<div class=\"image_grid_frame\">\n<div class=\"wall_thumbnail post_archive\">\n\t\t\t\t    \t<a href=\"https:\/\/test.elenabastiani.com\/index.php\/galleries\/fotografia-kids-fotografia-famiglila-bambini\/\" class=\"gallery_wrapper\"><br \/>\n\t\t\t\t    \t\t<img src=\"http:\/\/test.elenabastiani.com\/wp-content\/uploads\/2014\/11\/kids2-485x485.png\" alt=\"Kids&amp;Family fratelli distesi su tappeto sorridenti bianco e nero\" class=\"portfolio_img static\"\/><\/p>\n<div class=\"mask transparent\">\n<div class=\"mask_frame\">\n<ul class=\"gallery_img_slides\">\n<li><img src=\"http:\/\/test.elenabastiani.com\/wp-content\/uploads\/2014\/11\/fotografie-famiglia31-485x485.png\" alt=\"\" class=\"static\"\/><\/li>\n<li><img src=\"http:\/\/test.elenabastiani.com\/wp-content\/uploads\/2014\/11\/fotografie-famiglia48-485x485.png\" alt=\"\" class=\"static\"\/><\/li>\n<li><img src=\"http:\/\/test.elenabastiani.com\/wp-content\/uploads\/2014\/11\/fotografie-famiglia24-485x485.png\" alt=\"\" class=\"static\"\/><\/li>\n<li><img src=\"http:\/\/test.elenabastiani.com\/wp-content\/uploads\/2014\/11\/fotografie-famiglia50-485x485.png\" alt=\"\" class=\"static\"\/><\/li>\n<li><img src=\"http:\/\/test.elenabastiani.com\/wp-content\/uploads\/2014\/11\/sessione-gravidanza2-485x485.png\" alt=\"\" class=\"static\"\/><\/li>\n<\/ul>\n<\/div><\/div>\n<p>\t\t\t\t\t\t<\/a><br \/>\n\t\t\t\t\t\t<br class=\"clear\"\/><\/p>\n<h6>Kids &#038; Family<\/h6>\n<div class=\"gallery_excerpt\">Ricordi degli anni che passano<\/div>\n<\/p><\/div>\n<\/p><\/div>\n<\/div>\n<div class=\"wall_entry type-post post gallery masonry element\">\n<div class=\"image_grid_frame\">\n<div class=\"wall_thumbnail post_archive\">\n\t\t\t\t    \t<a href=\"https:\/\/test.elenabastiani.com\/index.php\/galleries\/fotografia-maternity-fotografia-maternita-emozioni\/\" class=\"gallery_wrapper\"><br \/>\n\t\t\t\t    \t\t<img src=\"http:\/\/test.elenabastiani.com\/wp-content\/uploads\/2014\/11\/maternita\u03001-485x485.png\" alt=\"Maternit\u00e0 ritratto di coppia mani sul pancione luce naturale\" class=\"portfolio_img static\"\/><\/p>\n<div class=\"mask transparent\">\n<div class=\"mask_frame\">\n<ul class=\"gallery_img_slides\">\n<li><img src=\"http:\/\/test.elenabastiani.com\/wp-content\/uploads\/2014\/11\/sessione-maternity65-485x485.png\" alt=\"\" class=\"static\"\/><\/li>\n<li><img src=\"http:\/\/test.elenabastiani.com\/wp-content\/uploads\/2014\/11\/sessione-maternity61-485x485.png\" alt=\"\" class=\"static\"\/><\/li>\n<li><img src=\"http:\/\/test.elenabastiani.com\/wp-content\/uploads\/2014\/11\/sessione-maternity20-485x485.png\" alt=\"\" class=\"static\"\/><\/li>\n<li><img src=\"http:\/\/test.elenabastiani.com\/wp-content\/uploads\/2014\/11\/sessione-gravidanza5-485x485.png\" alt=\"\" class=\"static\"\/><\/li>\n<li><img src=\"http:\/\/test.elenabastiani.com\/wp-content\/uploads\/2014\/11\/sessione-maternity58-485x485.png\" alt=\"\" class=\"static\"\/><\/li>\n<\/ul>\n<\/div><\/div>\n<p>\t\t\t\t\t\t<\/a><br \/>\n\t\t\t\t\t\t<br class=\"clear\"\/><\/p>\n<h6>Maternity Emotional<\/h6>\n<div class=\"gallery_excerpt\">Ricordi senza tempo<\/div>\n<\/p><\/div>\n<\/p><\/div>\n<\/div>\n<div class=\"wall_entry type-post post gallery masonry element\">\n<div class=\"image_grid_frame\">\n<div class=\"wall_thumbnail post_archive\">\n\t\t\t\t    \t<a href=\"https:\/\/test.elenabastiani.com\/index.php\/galleries\/fotografa-famiglia-esterno-trieste\/\" class=\"gallery_wrapper\"><br \/>\n\t\t\t\t    \t\t<img src=\"http:\/\/test.elenabastiani.com\/wp-content\/uploads\/2014\/11\/kids3-485x485.png\" alt=\"Kids &amp; Family in Esterna sorelle giocano al tramonto\" class=\"portfolio_img static\"\/><\/p>\n<div class=\"mask transparent\">\n<div class=\"mask_frame\">\n<ul class=\"gallery_img_slides\">\n<li><img src=\"http:\/\/test.elenabastiani.com\/wp-content\/uploads\/2014\/11\/fotografie-famiglia5-485x485.png\" alt=\"\" class=\"static\"\/><\/li>\n<li><img src=\"http:\/\/test.elenabastiani.com\/wp-content\/uploads\/2014\/11\/fotografie-famiglia14-485x485.png\" alt=\"\" class=\"static\"\/><\/li>\n<li><img src=\"http:\/\/test.elenabastiani.com\/wp-content\/uploads\/2014\/11\/fotografie-famiglia1-485x485.png\" alt=\"\" class=\"static\"\/><\/li>\n<li><img src=\"http:\/\/test.elenabastiani.com\/wp-content\/uploads\/2014\/11\/fotografie-famiglia11-485x485.png\" alt=\"\" class=\"static\"\/><\/li>\n<li><img src=\"http:\/\/test.elenabastiani.com\/wp-content\/uploads\/2014\/11\/sessione-maternity19-485x485.png\" alt=\"\" class=\"static\"\/><\/li>\n<\/ul>\n<\/div><\/div>\n<p>\t\t\t\t\t\t<\/a><br \/>\n\t\t\t\t\t\t<br class=\"clear\"\/><\/p>\n<h6>All&#8217;Aperto<\/h6>\n<div class=\"gallery_excerpt\">Sessioni al tramonto<\/div>\n<\/p><\/div>\n<\/p><\/div>\n<\/div>\n<div class=\"wall_entry type-post post gallery masonry element\">\n<div class=\"image_grid_frame\">\n<div class=\"wall_thumbnail post_archive\">\n\t\t\t\t    \t<a href=\"https:\/\/test.elenabastiani.com\/index.php\/galleries\/mini-sessioni-fotografia-famiglia\/\" class=\"gallery_wrapper\"><br \/>\n\t\t\t\t    \t\t<img src=\"http:\/\/test.elenabastiani.com\/wp-content\/uploads\/2021\/03\/daddy-485x485.png\" alt=\"Fotografia padre e figlio in bianco e nero\" class=\"portfolio_img static\"\/><\/p>\n<div class=\"mask transparent\">\n<div class=\"mask_frame\">\n<ul class=\"gallery_img_slides\">\n<li><img src=\"http:\/\/test.elenabastiani.com\/wp-content\/uploads\/2021\/03\/daddy-485x485.png\" alt=\"\" class=\"static\"\/><\/li>\n<li><img src=\"http:\/\/test.elenabastiani.com\/wp-content\/uploads\/2014\/11\/DSC_0833-Modifica-485x485.png\" alt=\"\" class=\"static\"\/><\/li>\n<li><img src=\"http:\/\/test.elenabastiani.com\/wp-content\/uploads\/2021\/03\/mamma-e-figlio2-485x485.png\" alt=\"\" class=\"static\"\/><\/li>\n<li><img src=\"http:\/\/test.elenabastiani.com\/wp-content\/uploads\/2014\/11\/DSC_0765-Modifica-485x485.png\" alt=\"\" class=\"static\"\/><\/li>\n<li><img src=\"http:\/\/test.elenabastiani.com\/wp-content\/uploads\/2014\/11\/DSC_0825-Modifica-485x485.png\" alt=\"\" class=\"static\"\/><\/li>\n<\/ul>\n<\/div><\/div>\n<p>\t\t\t\t\t\t<\/a><br \/>\n\t\t\t\t\t\t<br class=\"clear\"\/><\/p>\n<h6>Mini Sessioni<\/h6>\n<div class=\"gallery_excerpt\">Mommy and me, daddy and me<\/div>\n<\/p><\/div>\n<\/p><\/div>\n<\/div>\n<\/div>\n<\/div>\n<\/div>\n<\/div>\n<div class=\"one\" >\n<div class=\"page_content_wrapper\" style=\"background-image:url(http:\/\/test.elenabastiani.com\/wp-content\/uploads\/2021\/03\/baby5.png);background-size:cover;background-position:center center;height:400px;position:relative;\">\n<div id=\"gallery_caption\" class=\"ppb_fullwidth\">\n<h2>Sessioni Kids&#038;Family in studio a Trieste<\/h2>\n<\/div>\n<\/div>\n<\/div>\n","protected":false},"excerpt":{"rendered":"<p>\u201cNon \u00e8 la mera fotografia che mi interessa. Quel che voglio \u00e8 catturare quel minuto, parte della realt\u00e0\u201d. Henri Cartier-Bresson L\u2019emozione \u00e8 la scintilla dell\u2019amore, se guardo mio figlio sorridere felice mi emoziono, provo amore. Nelle sessioni fotografiche emozionali questa scintilla viene catturata in un\u2019immagine e stampata, in questo modo potremo portarla con noi nei [&hellip;]<\/p>\n","protected":false},"author":1,"featured_media":0,"parent":0,"menu_order":0,"comment_status":"closed","ping_status":"closed","template":"","meta":[],"_links":{"self":[{"href":"https:\/\/test.elenabastiani.com\/index.php\/wp-json\/wp\/v2\/pages\/4031"}],"collection":[{"href":"https:\/\/test.elenabastiani.com\/index.php\/wp-json\/wp\/v2\/pages"}],"about":[{"href":"https:\/\/test.elenabastiani.com\/index.php\/wp-json\/wp\/v2\/types\/page"}],"author":[{"embeddable":true,"href":"https:\/\/test.elenabastiani.com\/index.php\/wp-json\/wp\/v2\/users\/1"}],"replies":[{"embeddable":true,"href":"https:\/\/test.elenabastiani.com\/index.php\/wp-json\/wp\/v2\/comments?post=4031"}],"version-history":[{"count":94,"href":"https:\/\/test.elenabastiani.com\/index.php\/wp-json\/wp\/v2\/pages\/4031\/revisions"}],"predecessor-version":[{"id":4728,"href":"https:\/\/test.elenabastiani.com\/index.php\/wp-json\/wp\/v2\/pages\/4031\/revisions\/4728"}],"wp:attachment":[{"href":"https:\/\/test.elenabastiani.com\/index.php\/wp-json\/wp\/v2\/media?parent=4031"}],"curies":[{"name":"wp","href":"https:\/\/api.w.org\/{rel}","templated":true}]}}