{"id":1386,"date":"2014-11-17T08:20:38","date_gmt":"2014-11-17T08:20:38","guid":{"rendered":"http:\/\/themes.themegoods.com\/vega\/demo\/?page_id=1386"},"modified":"2021-09-08T23:57:44","modified_gmt":"2021-09-08T21:57:44","slug":"fotografa-di-famiglia-fotografa-professionista-ritratto-maternita-trieste","status":"publish","type":"page","link":"https:\/\/test.elenabastiani.com\/index.php\/fotografa-di-famiglia-fotografa-professionista-ritratto-maternita-trieste\/","title":{"rendered":"La mia storia"},"content":{"rendered":"<div class=\"post_excerpt animate\"><\/p>\n<div class=\"caption_header\" style=\"text-align: center;\">L&#8217;AMORE PER LE IMMAGINI UNICHE<\/div>\n<p>&nbsp;<\/p>\n<p style=\"text-align: center;\"><i>&#8220;Credo da sempre che la fotografia sia il modo in cui far vedere alle persone, le cose importanti che spesso non vedono.<\/i><\/p>\n<p style=\"text-align: center;\"><em>L&#8217;amore per s\u00e9 stessi ad esempio.&#8221;<\/em><\/p>\n<p style=\"text-align: center;\">Sono Elena Bastiani, fotografa professionista specializzata in fotografia di ritratto e di famiglia nella bella Trieste, citt\u00e0 di confine in Friuli Venezia Giulia.<\/p>\n<p style=\"text-align: center;\">In questo spazio ho voglia di raccontarti qualcosa di me, del mio percorso e del mio lavoro.<\/p>\n<p style=\"text-align: center;\">Mettiti comoda\u2026<\/p>\n<p style=\"text-align: center;\"><\/div>\n<p><img loading=\"lazy\" src=\"http:\/\/test.elenabastiani.com\/wp-content\/uploads\/2021\/09\/ritratto-trieste-elena-tondo-996x1024.png\" alt=\"\" width=\"300\" height=\"300\" class=\"aligncenter size-large wp-image-4763\" srcset=\"https:\/\/test.elenabastiani.com\/wp-content\/uploads\/2021\/09\/ritratto-trieste-elena-tondo-150x150.png 150w, https:\/\/test.elenabastiani.com\/wp-content\/uploads\/2021\/09\/ritratto-trieste-elena-tondo-485x485.png 485w, https:\/\/test.elenabastiani.com\/wp-content\/uploads\/2021\/09\/ritratto-trieste-elena-tondo-700x702.png 700w, https:\/\/test.elenabastiani.com\/wp-content\/uploads\/2021\/09\/ritratto-trieste-elena-tondo-109x109.png 109w, https:\/\/test.elenabastiani.com\/wp-content\/uploads\/2021\/09\/ritratto-trieste-elena-tondo-100x100.png 100w\" sizes=\"(max-width: 300px) 100vw, 300px\" \/><\/p>\n<div class=\"caption_header animate\" style=\"text-align: center; font-size: 24px;\">Ciao, piacere di conoscerti<\/div>\n<p>&nbsp;<\/p>\n<div class=\"animate\">\n<div class=\"one_half \">\n<p style=\"text-align: center;\">Spesso mi ritrovo a dire che sono una <strong>mamma prima che una fotografa<\/strong> perch\u00e8 di fatto \u00e8 cos\u00ec. Sono sempre stata portata per la fotografia e per tutte le arti creative in genere, <em>la classica amica che ti fa le foto<\/em>, anche di matrimonio in casi eccezionali. E&#8217; stato solo dopo la nascita di mio figlio Daniele che ho capito che cosa desiderassi davvero <strong>fare nella vita<\/strong>.<\/p>\n<p><img loading=\"lazy\" src=\"http:\/\/test.elenabastiani.com\/wp-content\/uploads\/2021\/09\/elena-allattamento-1-1024x700.png\" alt=\"\" width=\"1024\" height=\"700\" class=\"aligncenter size-large wp-image-4773\" srcset=\"https:\/\/test.elenabastiani.com\/wp-content\/uploads\/2021\/09\/elena-allattamento-1-1024x700.png 1024w, https:\/\/test.elenabastiani.com\/wp-content\/uploads\/2021\/09\/elena-allattamento-1-300x205.png 300w, https:\/\/test.elenabastiani.com\/wp-content\/uploads\/2021\/09\/elena-allattamento-1-768x525.png 768w, https:\/\/test.elenabastiani.com\/wp-content\/uploads\/2021\/09\/elena-allattamento-1-485x332.png 485w, https:\/\/test.elenabastiani.com\/wp-content\/uploads\/2021\/09\/elena-allattamento-1-960x657.png 960w, https:\/\/test.elenabastiani.com\/wp-content\/uploads\/2021\/09\/elena-allattamento-1.png 1500w\" sizes=\"(max-width: 1024px) 100vw, 1024px\" \/><\/p>\n<p style=\"text-align: center;\">Prima ero contabile ed insegnante di contabilit\u00e0 e neppure mi dispiaceva troppo ma <em>non si poteva parlare di lavoro creativo sicuramente<\/em>. Cos\u00ec ho iniziato a fotograre mio figlio in modo un po&#8217; diverso, ho scoperto il <strong>meraviglioso mondo<\/strong> della fotografia di famiglia e mi ci sono <strong>immersa completamente<\/strong>, supportata a pieno dalla mia di famiglia. Ho iniziato un grande lavoro di formazione in giro per tutta l&#8217;Italia ed ho aperto <strong>il mio primo piccolo studio fotografico,<\/strong> che non era il massimo, ma era <em>il primo grande passo<\/em>.<\/p>\n<p><img loading=\"lazy\" src=\"http:\/\/test.elenabastiani.com\/wp-content\/uploads\/2021\/09\/elena.png\" alt=\"\" width=\"1000\" height=\"668\" class=\"aligncenter size-full wp-image-4770\" srcset=\"https:\/\/test.elenabastiani.com\/wp-content\/uploads\/2021\/09\/elena.png 1000w, https:\/\/test.elenabastiani.com\/wp-content\/uploads\/2021\/09\/elena-300x200.png 300w, https:\/\/test.elenabastiani.com\/wp-content\/uploads\/2021\/09\/elena-768x513.png 768w, https:\/\/test.elenabastiani.com\/wp-content\/uploads\/2021\/09\/elena-485x324.png 485w, https:\/\/test.elenabastiani.com\/wp-content\/uploads\/2021\/09\/elena-960x641.png 960w\" sizes=\"(max-width: 1000px) 100vw, 1000px\" \/><\/p>\n<p style=\"text-align: center;\">Dopo qualche anno sono arrivati altri due bambini, Mattia e Stella, una gravidanza gemellare che mi ha messo a riposo ben prima del previsto, ma durante la quale ho continuato il mio percorso di studio, formazione e non solo. Ho cambiato studio, due piani e 150mq di creativit\u00e0 a mia disposizione, ho assunto Beatrice, mio preziosissimo braccio destro ormai, ho partecipato e vinto a concorsi internazionali, sono stata intervistata svariata volte, mi sono rimessa a lavoro. Ho ricominciato a fotografare appena possibile, meglio e pi\u00f9 di prima ed ero felice. Mi occupavo di fotografia di famiglia, maternit\u00e0 e newborn con grande soddisfazione ma proprio lavorando quotidianamente mi sono resa conto di qualcosa. Sentivo che le donne, spesso le mamme, tutte ma ancor di pi\u00f9 quelle con i sottocchi e la tuta, meritavano di pi\u00f9.<\/p>\n<\/div>\n<div class=\"one_half last \">\n<img loading=\"lazy\" src=\"http:\/\/test.elenabastiani.com\/wp-content\/uploads\/2021\/04\/smileshop-1024x684.jpg\" alt=\"Negozio Smile Shop entrata Elena Bastiani Photography\" width=\"1024\" height=\"684\" class=\"size-large wp-image-4210\" srcset=\"https:\/\/test.elenabastiani.com\/wp-content\/uploads\/2021\/04\/smileshop-1024x684.jpg 1024w, https:\/\/test.elenabastiani.com\/wp-content\/uploads\/2021\/04\/smileshop-300x200.jpg 300w, https:\/\/test.elenabastiani.com\/wp-content\/uploads\/2021\/04\/smileshop-768x513.jpg 768w, https:\/\/test.elenabastiani.com\/wp-content\/uploads\/2021\/04\/smileshop-1536x1025.jpg 1536w, https:\/\/test.elenabastiani.com\/wp-content\/uploads\/2021\/04\/smileshop-2048x1367.jpg 2048w, https:\/\/test.elenabastiani.com\/wp-content\/uploads\/2021\/04\/smileshop-485x324.jpg 485w, https:\/\/test.elenabastiani.com\/wp-content\/uploads\/2021\/04\/smileshop-960x641.jpg 960w\" sizes=\"(max-width: 1024px) 100vw, 1024px\" \/><\/p>\n<p style=\"text-align: center;\">Perch\u00e8 spesso trascuravano loro stesse donando tutte le proprie energie, fisiche, mentali e spesso economiche, al benessere del proprio bambino e della propria famiglia. Cos\u00ec mi sono decisa a cambiare il mio stile fotografico, a regalare non solo un ricordo ma un&#8217;esperienza che facesse sentire bene e a proprio agio tutta la famiglia, mamme incluse. Di dedicarmi anche soltanto alle donne che volevano riscoprirsi attraverso la fotografia boudoir certo, ma anche con una fotografia di maternit\u00e0 diversa, pi\u00f9 artistica, pi\u00f9 femminile.<\/p>\n<p><img loading=\"lazy\" src=\"http:\/\/test.elenabastiani.com\/wp-content\/uploads\/2021\/05\/Luanasola-683x1024.png\" alt=\"Ritratto stupenda maternit\u00e0 nudo artistico della bellissima Luana\" width=\"683\" height=\"1024\" class=\"size-large wp-image-4632\" srcset=\"https:\/\/test.elenabastiani.com\/wp-content\/uploads\/2021\/05\/Luanasola-683x1024.png 683w, https:\/\/test.elenabastiani.com\/wp-content\/uploads\/2021\/05\/Luanasola-200x300.png 200w, https:\/\/test.elenabastiani.com\/wp-content\/uploads\/2021\/05\/Luanasola-768x1152.png 768w, https:\/\/test.elenabastiani.com\/wp-content\/uploads\/2021\/05\/Luanasola-485x728.png 485w, https:\/\/test.elenabastiani.com\/wp-content\/uploads\/2021\/05\/Luanasola.png 800w\" sizes=\"(max-width: 683px) 100vw, 683px\" \/> <\/p>\n<p style=\"text-align: center;\">C&#8217;\u00e8 voluto un po&#8217; di tempo affinch\u00e8 capissi che io ero UNA DI QUELLE DONNE. Che avevo dimenticato come essere femminile, perch\u00e8 i bisogni della mia famiglia erano stati messi al primo posto per moltissimo tempo,\u00a0 non riconoscevo pi\u00f9 la Elena riflessa allo specchio e non era molto importante, visto che allo specchio non mi ci guardavo pi\u00f9. Non era necessario prendermi cura di me e poi non ne avevo il tempo, c&#8217;erano i bambini a cui badare e un lavoro da mandare avanti. Cos\u00ec a settembre 2019 \u00e8 iniziata la mia rinascita, una nuova me stessa, un nuovo viaggio che non \u00e8 finito e che spero non finisca mai.<\/p>\n<p style=\"text-align: center;\">Questo ha portato anche ad un cambiamento nel mio modo di fotografare, mi ha portato a dedicarmi alla fotografia Fine Art, che offre delle immagini artistiche senza paragoni.<\/p>\n<\/p><\/div>\n<p><br class=\"clear\"\/><\/p>\n<\/div>\n<div class=\"animate\" style=\"text-align: center;\">\n<blockquote><p>&#8220;Io per prima desideravo appendere alle pareti di casa un mio ritratto, magari pi\u00f9 di uno, fatto in diverse fasi della mia vita e che mi ricordasse in futuro chi ero in quel momento e chi, proprio quel momento, mi aveva fatta diventare.\u201d<\/p><\/blockquote>\n<\/div>\n<p><img loading=\"lazy\" class=\"aligncenter wp-image-3656 \" src=\"http:\/\/test.elenabastiani.com\/wp-content\/uploads\/2021\/03\/firma.png\" alt=\"\" width=\"173\" height=\"44\" \/><\/p>\n<p><img loading=\"lazy\" src=\"http:\/\/test.elenabastiani.com\/wp-content\/uploads\/2021\/09\/ritratto-trittico-elena-1024x511.png\" alt=\"\" width=\"1024\" height=\"511\" class=\"aligncenter size-large wp-image-4767\" srcset=\"https:\/\/test.elenabastiani.com\/wp-content\/uploads\/2021\/09\/ritratto-trittico-elena-1024x511.png 1024w, https:\/\/test.elenabastiani.com\/wp-content\/uploads\/2021\/09\/ritratto-trittico-elena-300x150.png 300w, https:\/\/test.elenabastiani.com\/wp-content\/uploads\/2021\/09\/ritratto-trittico-elena-768x383.png 768w, https:\/\/test.elenabastiani.com\/wp-content\/uploads\/2021\/09\/ritratto-trittico-elena-485x242.png 485w, https:\/\/test.elenabastiani.com\/wp-content\/uploads\/2021\/09\/ritratto-trittico-elena-960x479.png 960w, https:\/\/test.elenabastiani.com\/wp-content\/uploads\/2021\/09\/ritratto-trittico-elena.png 1500w\" sizes=\"(max-width: 1024px) 100vw, 1024px\" \/><\/p>\n<p style=\"text-align: center;\">VOI SIETE PRONTE?<\/p>\n<p style=\"text-align: center;\">Essere fotografata dev&#8217;essere un&#8217;esperienza che va oltre la sessione fotografica in s\u00e9<\/p>\n<p style=\"text-align: center;\">Scegliere me \u00e8 affidarsi alla mia sensibilit\u00e0 ed empatia, alla possibilit\u00e0 di sentirsi a proprio agio anche se non si \u00e8 mai posato, a guardarsi con occhi diversi, i miei. Sentirsi libera di poter essere spontanea ed avere dei ricordi meravigliosi racchiusi in un album senza tempo oppure poter decidere di avere un ritratto Fine Art, unico, sensazionale, una vera e propria opera d&#8217;arte da appendere alle mura di casa.<\/p>\n<p style=\"text-align: center;\">Un rapporto di fiducia, di intesa e di complicit\u00e0, tra me e te, tra noi e la tua famiglia.<\/p>\n<p style=\"text-align: center;\">E voi siete pronte ad affidarmi i vostri ricordi?<\/p>\n<p style=\"text-align: center;\">Lavoro al mio studio a Trieste, all&#8217;aperto immersa nel bellissimo e variopinto Carso Triestino, in Friuli Venezia Giulia e in tutta Italia.<\/p>\n<p style=\"text-align: center;\">Se cerchi una fotografa pronta ad ascoltare, sono qui, non vedo l&#8217;ora di ascoltare la tua storia<\/p>\n<p style=\"text-align: center;\"><a class=\"button small center\" style=\"background-color:#000000 !important;color:#ffffff !important;border:1px solid #000000 !important;margin-right:10px;margin-bottom:10px;\" onclick=\"window.open('https:\/\/test.elenabastiani.com\/index.php\/fotografo-professionista-trieste\/', '_blank')\">Ricevi tutte le info<\/a><\/p>\n","protected":false},"excerpt":{"rendered":"<p>Ciao, piacere di conoscerti &nbsp; &#8220;Io per prima desideravo appendere alle pareti di casa un mio ritratto, magari pi\u00f9 di uno, fatto in diverse fasi della mia vita e che mi ricordasse in futuro chi ero in quel momento e chi, proprio quel momento, mi aveva fatta diventare.\u201d VOI SIETE PRONTE? Essere fotografata dev&#8217;essere un&#8217;esperienza [&hellip;]<\/p>\n","protected":false},"author":1,"featured_media":0,"parent":0,"menu_order":0,"comment_status":"open","ping_status":"open","template":"page_f.php","meta":[],"_links":{"self":[{"href":"https:\/\/test.elenabastiani.com\/index.php\/wp-json\/wp\/v2\/pages\/1386"}],"collection":[{"href":"https:\/\/test.elenabastiani.com\/index.php\/wp-json\/wp\/v2\/pages"}],"about":[{"href":"https:\/\/test.elenabastiani.com\/index.php\/wp-json\/wp\/v2\/types\/page"}],"author":[{"embeddable":true,"href":"https:\/\/test.elenabastiani.com\/index.php\/wp-json\/wp\/v2\/users\/1"}],"replies":[{"embeddable":true,"href":"https:\/\/test.elenabastiani.com\/index.php\/wp-json\/wp\/v2\/comments?post=1386"}],"version-history":[{"count":46,"href":"https:\/\/test.elenabastiani.com\/index.php\/wp-json\/wp\/v2\/pages\/1386\/revisions"}],"predecessor-version":[{"id":4790,"href":"https:\/\/test.elenabastiani.com\/index.php\/wp-json\/wp\/v2\/pages\/1386\/revisions\/4790"}],"wp:attachment":[{"href":"https:\/\/test.elenabastiani.com\/index.php\/wp-json\/wp\/v2\/media?parent=1386"}],"curies":[{"name":"wp","href":"https:\/\/api.w.org\/{rel}","templated":true}]}}